{"id":42,"date":"2022-09-14T10:48:10","date_gmt":"2022-09-14T13:48:10","guid":{"rendered":"https:\/\/catedracosgaya.com.ar\/tipoblog\/2022\/?page_id=42"},"modified":"2022-09-14T15:26:34","modified_gmt":"2022-09-14T18:26:34","slug":"acerca-de-este-blog","status":"publish","type":"page","link":"https:\/\/catedracosgaya.com.ar\/tipoblog\/2022\/acerca-de-este-blog\/","title":{"rendered":"Acerca de este blog"},"content":{"rendered":"\n<h3 class=\"wp-block-heading\">\u00bfQu\u00e9 es Tipoblog?<\/h3>\n\n\n\n<p>Tipoblog es un blog que cuenta con contenido generado por estudiantes de la materia Tipograf\u00eda 2, C\u00e1tedra Cosgaya, de la Carrera de Dise\u00f1o Gr\u00e1fico de la FADU\/UBA. Es una herramienta de trabajo, complementaria al trabajo en taller, utilizada con fines did\u00e1cticos.<\/p>\n\n\n\n<h3 class=\"wp-block-heading\">\u00bfC\u00f3mo surge?<\/h3>\n\n\n\n<p>Encontramos una vasta evidencia de que los estudiantes est\u00e1n creando y compartiendo todo tipo de contenido digital y disemin\u00e1ndolo v\u00eda internet. Incluso una vez graduados contin\u00faan produciendo contenidos como parte de su pr\u00e1ctica profesional. Identificamos esto y nos preguntamos c\u00f3mo podemos prepararlos, desde nuestro lugar, para que producir contenidos dentro de la disciplina o campo de especializaci\u00f3n profesional pueda ser tambi\u00e9n un objetivo de aprendizaje. Tambi\u00e9n nos preguntamos c\u00f3mo podemos capitalizar informaci\u00f3n de inter\u00e9s general y tipogr\u00e1fico, que circula por las redes.<br>Como respuesta a estas preguntas, y como ensayo de nuevas nuevas rutinas de aprendizaje-ense\u00f1anza, asentadas en la creaci\u00f3n colaborativa es que surge el proyecto de este Blog que hemos denominado Tipoblog.<\/p>\n\n\n\n<h3 class=\"wp-block-heading\">\u00bfQu\u00e9 objetivos persigue este proyecto?<\/h3>\n\n\n\n<ul class=\"wp-block-list\"><li>Generar un canal en el cual se re\u00fana informaci\u00f3n pertinente a la cursada<\/li><li>Un canal que promueva el intercambio de informaci\u00f3n y la circulaci\u00f3n del conocimiento<\/li><li>Fomentar la participaci\u00f3n de los estudiantes y reforzar el concepto de \u201ccomunidad de aprendizaje\u201d<\/li><li>Promover en los estudiantes la importancia de una buena documentaci\u00f3n y el inter\u00e9s por investigar<\/li><li>Estimular la b\u00fasqueda y la generaci\u00f3n de contenido<\/li><li>Permitir a los estudiantes familiarizarse con el vocabulario y las formas de razonamiento propias de nuestra disciplina y practicar la producci\u00f3n escrita<\/li><li>Permitir a los estudiantes vincular contenidos de otras \u00e1reas o disciplinas y poder trabajar sobre esas conexiones en la clase<\/li><li>Tener presente la materia durante toda la semana: el taller funciona los viernes, pero se es dise\u00f1ador todos los d\u00edas.<\/li><li>Contribuir a que los estudiantes se conozcan mejor entre ellos y se fortalezcan los v\u00ednculos dentro de la comisi\u00f3n<\/li><li>Incentivar a los estudiantes a involucrarse conscientemente en sus procesos de aprendizaje: a que busquen, cuestionen, construyan, argumenten, compartan.<\/li><li>Permitir a los docentes explorar nuevos espacios y apropiarnos de ellos para la ense\u00f1anza-aprendizaje<\/li><li>Contribuir a la alfabetizaci\u00f3n acad\u00e9mica de nuestros estudiantes<\/li><\/ul>\n\n\n\n<h3 class=\"wp-block-heading\">\u00bfQu\u00e9 esperamos de este espacio?<\/h3>\n\n\n\n<p>Esperamos que este Blog se constituya en un espacio para ver y compartir informaci\u00f3n, que sea \u00fatil a los estudiantes para expresarse, intercambiar experiencias o fuentes de informaci\u00f3n, compartir materiales o recursos, saberes t\u00e9cnicos, hallazgos de internauta, referentes, an\u00e9cdotas, etc. y que nutra el trabajo del taller con informaci\u00f3n extracurricular a partir del intercambio y la participaci\u00f3n.<\/p>\n\n\n\n<p>Creemos que ser\u00e1 una buena oportunidad para relacionar el aprendizaje del aula con eventos y\/o producciones locales, nacionales o internacionales. Tambi\u00e9n para fomentar la lectura de autores y bibliograf\u00eda especializada.<\/p>\n\n\n\n<p>Esperamos que puedan coexistir en \u00e9l m\u00faltiples puntos de vista sobre un mismo tema: la Tipograf\u00eda, junto a una diversidad de temas afines y no tanto.<\/p>\n\n\n\n<p>Esperamos hacer una producci\u00f3n colaborativa \u2014como C\u00e1tedra\u2014 que exceda el \u00e1mbito de la cursada y que contribuya a la generaci\u00f3n del conocimiento. Puede pensarse tambi\u00e9n como una manera en que los estudiantes contribuyan con la \u201cComunidad Tipogr\u00e1fica\u201d y con la \u201cComunidad Acad\u00e9mica\u201d mientras aprenden acerca de temas acad\u00e9micos tradicionales.<\/p>\n<div class=\"remoji_bar\"><div class=\"remoji_add_container\" data-remoji-id=\"42\" data-remoji-type=\"post\"><div class=\"remoji_add_icon\"><\/div><\/div><div class=\"remoji_error_bar\" data-remoji-id=\"42\" data-remoji-type=\"post\" style=\"display: none;\">Error happened.<\/div><\/div>","protected":false},"excerpt":{"rendered":"<p>\u00bfQu\u00e9 es Tipoblog? Tipoblog es un blog que cuenta con contenido generado por estudiantes de la materia Tipograf\u00eda 2, C\u00e1tedra Cosgaya, de la Carrera de Dise\u00f1o Gr\u00e1fico de la FADU\/UBA. Es una herramienta de trabajo, complementaria al trabajo en taller, utilizada con fines did\u00e1cticos. \u00bfC\u00f3mo surge? Encontramos una vasta evidencia de que los estudiantes est\u00e1n [&hellip;]<\/p>\n","protected":false},"author":1,"featured_media":0,"parent":0,"menu_order":0,"comment_status":"closed","ping_status":"closed","template":"","meta":{"_acf_changed":false,"footnotes":""},"class_list":["post-42","page","type-page","status-publish","hentry"],"acf":[],"_links":{"self":[{"href":"https:\/\/catedracosgaya.com.ar\/tipoblog\/2022\/wp-json\/wp\/v2\/pages\/42","targetHints":{"allow":["GET"]}}],"collection":[{"href":"https:\/\/catedracosgaya.com.ar\/tipoblog\/2022\/wp-json\/wp\/v2\/pages"}],"about":[{"href":"https:\/\/catedracosgaya.com.ar\/tipoblog\/2022\/wp-json\/wp\/v2\/types\/page"}],"author":[{"embeddable":true,"href":"https:\/\/catedracosgaya.com.ar\/tipoblog\/2022\/wp-json\/wp\/v2\/users\/1"}],"replies":[{"embeddable":true,"href":"https:\/\/catedracosgaya.com.ar\/tipoblog\/2022\/wp-json\/wp\/v2\/comments?post=42"}],"version-history":[{"count":2,"href":"https:\/\/catedracosgaya.com.ar\/tipoblog\/2022\/wp-json\/wp\/v2\/pages\/42\/revisions"}],"predecessor-version":[{"id":73,"href":"https:\/\/catedracosgaya.com.ar\/tipoblog\/2022\/wp-json\/wp\/v2\/pages\/42\/revisions\/73"}],"wp:attachment":[{"href":"https:\/\/catedracosgaya.com.ar\/tipoblog\/2022\/wp-json\/wp\/v2\/media?parent=42"}],"curies":[{"name":"wp","href":"https:\/\/api.w.org\/{rel}","templated":true}]}}