{"id":65,"date":"2022-09-14T15:23:34","date_gmt":"2022-09-14T18:23:34","guid":{"rendered":"https:\/\/catedracosgaya.com.ar\/tipoblog\/2022\/?page_id=65"},"modified":"2022-09-16T17:19:48","modified_gmt":"2022-09-16T20:19:48","slug":"tutorial","status":"publish","type":"page","link":"https:\/\/catedracosgaya.com.ar\/tipoblog\/2022\/tutorial\/","title":{"rendered":"Tutorial"},"content":{"rendered":"\n<figure class=\"wp-block-embed is-type-video is-provider-youtube wp-block-embed-youtube wp-embed-aspect-16-9 wp-has-aspect-ratio\"><div class=\"wp-block-embed__wrapper\">\n<iframe loading=\"lazy\" title=\"Tipoblog - Edici\u00f3n 2022\" width=\"580\" height=\"326\" src=\"https:\/\/www.youtube.com\/embed\/FvcHbmsgatY?feature=oembed\" frameborder=\"0\" allow=\"accelerometer; autoplay; clipboard-write; encrypted-media; gyroscope; picture-in-picture; web-share\" referrerpolicy=\"strict-origin-when-cross-origin\" allowfullscreen><\/iframe>\n<\/div><\/figure>\n\n\n\n<p>En este video te contamos qu\u00e9 es el Tipoblog y hacemos una demostraci\u00f3n de c\u00f3mo registrarse y publicar una entrada, para que puedas realizar la entrega a trav\u00e9s de esta plataforma, de acuerdo a la consigna del p05 | Tipograf\u00eda y activismo.<\/p>\n\n\n\n<p>Hay much\u00edsimo m\u00e1s para aprender sobre esta app. Te sugerimos que consultes el <a rel=\"noreferrer noopener\" href=\"https:\/\/wordpress.com\/support\/wordpress-editor\/\" data-type=\"URL\" data-id=\"https:\/\/wordpress.com\/support\/wordpress-editor\/\" target=\"_blank\">sitio oficial de soporte de WordPress<\/a>, para profundizar en el manejo del editor de bloques y de las herramientas para dar formato al texto.  <\/p>\n<div class=\"remoji_bar\"><div class=\"remoji_add_container\" data-remoji-id=\"65\" data-remoji-type=\"post\"><div class=\"remoji_add_icon\"><\/div><\/div><div class=\"remoji_error_bar\" data-remoji-id=\"65\" data-remoji-type=\"post\" style=\"display: none;\">Error happened.<\/div><\/div>","protected":false},"excerpt":{"rendered":"<p>En este video te contamos qu\u00e9 es el Tipoblog y hacemos una demostraci\u00f3n de c\u00f3mo registrarse y publicar una entrada, para que puedas realizar la entrega a trav\u00e9s de esta plataforma, de acuerdo a la consigna del p05 | Tipograf\u00eda y activismo. Hay much\u00edsimo m\u00e1s para aprender sobre esta app. Te sugerimos que consultes el [&hellip;]<\/p>\n","protected":false},"author":1,"featured_media":0,"parent":0,"menu_order":0,"comment_status":"closed","ping_status":"closed","template":"","meta":{"_acf_changed":false,"footnotes":""},"class_list":["post-65","page","type-page","status-publish","hentry"],"acf":[],"_links":{"self":[{"href":"https:\/\/catedracosgaya.com.ar\/tipoblog\/2022\/wp-json\/wp\/v2\/pages\/65","targetHints":{"allow":["GET"]}}],"collection":[{"href":"https:\/\/catedracosgaya.com.ar\/tipoblog\/2022\/wp-json\/wp\/v2\/pages"}],"about":[{"href":"https:\/\/catedracosgaya.com.ar\/tipoblog\/2022\/wp-json\/wp\/v2\/types\/page"}],"author":[{"embeddable":true,"href":"https:\/\/catedracosgaya.com.ar\/tipoblog\/2022\/wp-json\/wp\/v2\/users\/1"}],"replies":[{"embeddable":true,"href":"https:\/\/catedracosgaya.com.ar\/tipoblog\/2022\/wp-json\/wp\/v2\/comments?post=65"}],"version-history":[{"count":3,"href":"https:\/\/catedracosgaya.com.ar\/tipoblog\/2022\/wp-json\/wp\/v2\/pages\/65\/revisions"}],"predecessor-version":[{"id":110,"href":"https:\/\/catedracosgaya.com.ar\/tipoblog\/2022\/wp-json\/wp\/v2\/pages\/65\/revisions\/110"}],"wp:attachment":[{"href":"https:\/\/catedracosgaya.com.ar\/tipoblog\/2022\/wp-json\/wp\/v2\/media?parent=65"}],"curies":[{"name":"wp","href":"https:\/\/api.w.org\/{rel}","templated":true}]}}